 when 22 is divided by 6.
4
What is the remainder when 1436 is divided by 111?
104
Calculate the remainder when 461 is divided by 29.
26
Calculate the remainder when 77 is divided by 13.
12
Calculate the remainder when 768 is divided by 86.
80
Calculate the remainder when 1234 is divided by 235.
59
Calculate the remainder when 30 is divided by 20.
10
What is the remainder when 2032 is divided by 9?
7
What is the remainder when 458 is divided by 380?
78
What is the remainder when 1161 is divided by 10?
1
What is the remainder when 13037 is divided by 8?
5
What is the remainder when 842 is divided by 139?
8
What is the remainder when 1138 is divided by 57?
55
What is the remainder when 1262 is divided by 136?
38
What is the remainder when 68 is divided by 36?
32
What is the remainder when 4830 is divided by 22?
12
What is the remainder when 9856 is divided by 106?
104
Calculate the remainder when 170 is divided by 104.
66
What is the remainder when 5527 is divided by 7?
4
What is the remainder when 107 is divided by 47?
13
Calculate the remainder when 145 is divided by 66.
13
Calculate the remainder when 616 is divided by 199.
19
Calculate the remainder when 350 is divided by 168.
14
What is the remainder when 1315 is divided by 120?
115
What is the remainder when 3315 is divided by 166?
161
Calculate the remainder when 1270 is divided by 115.
5
Calculate the remainder when 4726 is divided by 10.
6
What is the remainder when 71 is divided by 17?
3
Calculate the remainder when 2833 is divided by 17.
11
What is the remainder when 269 is divided by 125?
19
What is the remainder when 115 is divided by 13?
11
What is the remainder when 25 is divided by 10?
5
What is the remainder when 205 is divided by 40?
5
What is the remainder when 66 is divided by 4?
2
What is the remainder when 68 is divided by 37?
31
What is the remainder when 1944 is divided by 17?
6
What is the remainder when 712 is divided by 21?
19
What is the remainder when 8 is divided by 4?
0
Calculate the remainder when 209 is divided by 50.
9
What is the remainder when 276 is divided by 14?
10
Calculate the remainder when 115 is divided by 3.
1
Calculate the remainder when 267 is divided by 112.
43
Calculate the remainder when 419 is divided by 14.
13
What is the remainder when 3701 is divided by 161?
159
What is the remainder when 1126 is divided by 77?
48
Calculate the remainder when 98 is divided by 49.
0
Calculate the remainder when 8685 is divided by 158.
153
What is the remainder when 7352 is divided by 9?
8
What is the remainder when 201 is divided by 16?
9
Calculate the remainder when 495 is divided by 56.
47
Calculate the remainder when 1029 is divided by 255.
9
What is the remainder when 589 is divided by 148?
145
Calculate the remainder when 279 is divided by 72.
63
Calculate the remainder when 55 is divided by 30.
25
Calculate the remainder when 721 is divided by 25.
21
What is the remainder when 193 is divided by 39?
37
What is the remainder when 6489 is divided by 1613?
37
Calculate the remainder when 34 is divided by 28.
6
What is the remainder when 136 is divided by 78?
58
What is the remainder when 89 is divided by 12?
5
Calculate the remainder when 898 is divided by 114.
100
What is the remainder when 260 is divided by 89?
82
What is the remainder when 10989 is divided by 35?
34
What is the remainder when 678 is divided by 10?
8
Calculate the remainder when 3275 is divided by 20.
15
Calculate the remainder when 681 is divided by 113.
3
What is the remainder when 121 is divided by 9?
4
What is the remainder when 2037 is divided by 40?
37
What is the remainder when 2016 is divided by 497?
28
Calculate the remainder when 326 is divided by 10.
6
Calculate the remainder when 481 is divided by 169.
143
What is the remainder when 25439 is divided by 13?
11
Calculate the remainder when 125 is divided by 56.
13
Calculate the remainder when 279 is divided by 51.
24
What is the remainder when 1056 is divided by 174?
12
What is the remainder when 5925 is divided by 38?
35
What is the remainder when 1652 is divided by 87?
86
Calculate the remainder when 815 is divided by 404.
7
Calculate the remainder when 27 is divided by 25.
2
What is the remainder when 769 is divided by 35?
34
Calculate the remainder when 99 is divided by 15.
9
What is the remainder when 262 is divided by 7?
3
Calculate the remainder when 76 is divided by 4.
0
What is the remainder when 93 is divided by 35?
23
Calculate the remainder when 659 is divided by 116.
79
What is the remainder when 67 is divided by 12?
7
What is the remainder when 5335 is divided by 1768?
31
Calculate the remainder when 985 is divided by 492.
1
Calculate the remainder when 53 is divided by 14.
11
What is the remainder when 554 is divided by 115?
94
Calculate the remainder when 684 is divided by 49.
47
Calculate the remainder when 295 is divided by 75.
70
Calculate the remainder when 93 is divided by 35.
23
Calculate the remainder when 418 is divided by 128.
34
What is the remainder when 17 is divided by 11?
6
What is the remainder when 5537 is divided by 29?
27
Calculate the remainder when 15673 is divided by 95.
93
What is the remainder when 184 is divided by 6?
4
Calculate the remainder when 167 is divided by 70.
27
Calculate the remainder when 302 is divided by 62.
54
What is the remainder when 277 is divided by 76?
49
What is the remainder when 296 is divided by 227?
69
What is the remainder when 2878 is divided by 16?
14
Calculate the remainder when 54 is divided by 19.
16
Calculate the remainder when 86 is divided by 10.
6
Calculate the remainder when 221 is divided by 188.
33
What is the remainder when 16456 is divided by 7?
6
What is the remainder when 148 is divided by 93?
55
What is the remainder when 239 is divided by 22?
19
What is the remainder when 42 is divided by 13?
3
What is the remainder when 24 is divided by 20?
4
Calculate the remainder when 134 is divided by 40.
14
What is the remainder when 125 is divided by 119?
6
Calculate the remainder when 60 is divided by 11.
5
What is the remainder when 20 is divided by 18?
2
Calculate the remainder when 2376 is divided by 34.
30
Calculate the remainder when 225 is divided by 121.
104
What is the remainder when 15458 is divided by 15?
8
Calculate the remainder when 200 is divided by 184.
16
Calculate the remainder when 234 is divided by 59.
57
What is the remainder when 131 is divided by 19?
17
Calculate the remainder when 77 is divided by 26.
25
What is the remainder when 194 is divided by 29?
20
What is the remainder when 761 is divided by 32?
25
Calculate the remainder when 2070 is divided by 83.
78
Calculate the remainder when 20105 is divided by 11.
8
What is the remainder when 214 is divided by 133?
81
Calculate the remainder when 4099 is divided by 152.
147
What is the remainder when 340 is divided by 129?
82
What is the remainder when 3916 is divided by 6?
4
Calculate the remainder when 108 is divided by 36.
0
What is the remainder when 65 is divided by 24?
17
Calculate the remainder when 1027 is divided by 211.
183
What is the remainder when 797 is divided by 21?
20
What is the remainder when 698 is divided by 63?
5
Calculate the remainder when 154 is divided by 52.
50
Calculate the remainder when 374 is divided by 94.
92
Calculate the remainder when 1793 is divided by 391.
229
Calculate the remainder when 797 is divided by 57.
56
What is the remainder when 169 is divided by 48?
25
Calculate the remainder when 288 is divided by 110.
68
Calculate the remainder when 491 is divided by 41.
40
What is the remainder when 351 is divided by 188?
163
What is the remainder when 66 is divided by 18?
12
Calculate the remainder when 491 is divided by 109.
55
What is the remainder when 263 is divided by 79?
26
What is the remainder when 58 is divided by 22?
14
Calculate the remainder when 1253 is divided by 28.
21
Calculate the remainder when 133 is divided by 17.
14
Calculate the remainder when 666 is divided by 76.
58
Calculate the remainder when 1553 is divided by 134.
79
Calculate the remainder when 92 is divided by 16.
12
Calculate the remainder when 535 is divided by 27.
22
Calculate the remainder when 120 is divided by 19.
6
What is the remainder when 34 is divided b